{"id":95,"date":"2018-06-18T06:57:36","date_gmt":"2018-06-18T06:57:36","guid":{"rendered":"https:\/\/teste.gtlaser.com.br\/?page_id=95"},"modified":"2024-04-09T15:29:26","modified_gmt":"2024-04-09T18:29:26","slug":"home","status":"publish","type":"page","link":"https:\/\/gtlaser.com.br\/","title":{"rendered":"Home"},"content":{"rendered":"<style>\/*! elementor-pro - v3.20.0 - 11-03-2024 *\/\n.elementor-slides .swiper-slide-bg{background-size:cover;background-position:50%;background-repeat:no-repeat;min-width:100%;min-height:100%}.elementor-slides .swiper-slide-inner{background-repeat:no-repeat;background-position:50%;position:absolute;top:0;left:0;bottom:0;right:0;padding:50px;margin:auto}.elementor-slides .swiper-slide-inner,.elementor-slides .swiper-slide-inner:hover{color:#fff;display:flex}.elementor-slides .swiper-slide-inner .elementor-background-overlay{position:absolute;z-index:0;top:0;bottom:0;left:0;right:0}.elementor-slides .swiper-slide-inner .elementor-slide-content{position:relative;z-index:1;width:100%}.elementor-slides .swiper-slide-inner .elementor-slide-heading{font-size:35px;font-weight:700;line-height:1}.elementor-slides .swiper-slide-inner .elementor-slide-description{font-size:17px;line-height:1.4}.elementor-slides .swiper-slide-inner .elementor-slide-description:not(:last-child),.elementor-slides .swiper-slide-inner .elementor-slide-heading:not(:last-child){margin-bottom:30px}.elementor-slides .swiper-slide-inner .elementor-slide-button{border:2px solid #fff;color:#fff;background:transparent;display:inline-block}.elementor-slides .swiper-slide-inner .elementor-slide-button,.elementor-slides .swiper-slide-inner .elementor-slide-button:hover{background:transparent;color:inherit;text-decoration:none}.elementor--v-position-top .swiper-slide-inner{align-items:flex-start}.elementor--v-position-bottom .swiper-slide-inner{align-items:flex-end}.elementor--v-position-middle .swiper-slide-inner{align-items:center}.elementor--h-position-left .swiper-slide-inner{justify-content:flex-start}.elementor--h-position-right .swiper-slide-inner{justify-content:flex-end}.elementor--h-position-center .swiper-slide-inner{justify-content:center}body.rtl .elementor-widget-slides .elementor-swiper-button-next{left:10px;right:auto}body.rtl .elementor-widget-slides .elementor-swiper-button-prev{right:10px;left:auto}.elementor-slides-wrapper div:not(.swiper-slide)>.swiper-slide-inner{display:none}@media (max-width:767px){.elementor-slides .swiper-slide-inner{padding:30px}.elementor-slides .swiper-slide-inner .elementor-slide-heading{font-size:23px;line-height:1;margin-bottom:15px}.elementor-slides .swiper-slide-inner .elementor-slide-description{font-size:13px;line-height:1.4;margin-bottom:15px}}<\/style>\n<p>\t\t\t\t\t\t\t\t\t\t\t\t\t\tPrevious slide<br \/>\n\t\t\t\t\t\t\t\t\t\t\t\t\t\tNext slide<\/p>\n<style>\/*! elementor - v3.20.0 - 26-03-2024 *\/\n.elementor-widget-image{text-align:center}.elementor-widget-image a{display:inline-block}.elementor-widget-image a img[src$=\".svg\"]{width:48px}.elementor-widget-image img{vertical-align:middle;display:inline-block}<\/style>\n<p>\t\t\t\t\t\t\t\t\t\t<img decoding=\"async\" src=\"https:\/\/gtlaser.com.br\/wp-content\/uploads\/elementor\/thumbs\/truck-q1a6aej2s6uojtefjww3jzwocly8fnklt5gspo9yes.png\" title=\"truck\" alt=\"truck\" loading=\"lazy\" \/>\t\t\t\t\t\t\t\t\t\t\t\t\t<\/p>\n<style>\/*! elementor - v3.20.0 - 26-03-2024 *\/\n.elementor-heading-title{padding:0;margin:0;line-height:1}.elementor-widget-heading .elementor-heading-title[class*=elementor-size-]>a{color:inherit;font-size:inherit;line-height:inherit}.elementor-widget-heading .elementor-heading-title.elementor-size-small{font-size:15px}.elementor-widget-heading .elementor-heading-title.elementor-size-medium{font-size:19px}.elementor-widget-heading .elementor-heading-title.elementor-size-large{font-size:29px}.elementor-widget-heading .elementor-heading-title.elementor-size-xl{font-size:39px}.elementor-widget-heading .elementor-heading-title.elementor-size-xxl{font-size:59px}<\/style>\n<h5>ENVIO ASSEGURADO PARA <BR>TODO O BRASIL<\/h5>\n<p>\t\t\t\t\t\t\t\t\t\t\t\t\t<img decoding=\"async\" src=\"https:\/\/gtlaser.com.br\/wp-content\/uploads\/elementor\/thumbs\/cartao-de-credito-q1a6jq3gk1m1olv04fxws588f609rlks3ad51ggepg.png\" title=\"cartao-de-credito\" alt=\"cartao-de-credito\" loading=\"lazy\" \/>\t\t\t\t\t\t\t\t\t\t\t\t\t<\/p>\n<h5>AT\u00c9 10X SEM JUROS NO CART\u00c3O DE CR\u00c9DITO<\/h5>\n<p>\t\t\t\t\t\t\t\t\t\t\t\t\t<img decoding=\"async\" src=\"https:\/\/gtlaser.com.br\/wp-content\/uploads\/elementor\/thumbs\/money-management-q1a7fdbun8xkjzw7c4dqq5qwe614wr7gfx1motj984.png\" title=\"money-management\" alt=\"money-management\" loading=\"lazy\" \/>\t\t\t\t\t\t\t\t\t\t\t\t\t<\/p>\n<h5>+4% DE DESCONTO EM BOLETO OU TRANSFER\u00caNCIA BANC\u00c1RIA<\/h5>\n<h2>Nossos produtos<\/h2>\n<div class=\"wc_ps_shortcode_container\" style=\"max-width: 100%; float:none;width:800px;padding-top:10px;padding-bottom:10px;padding-left:0px;padding-right:0px;\"><style>\n.ac_results_5251 .rs_description {\n\tdisplay: none !important;\n}<\/style>\n\n<div class=\"wc_ps_bar \">\n\n\t<div class=\"wc_ps_mobile_icon sidebar_temp\" data-ps-id=\"5251\" aria-label=\"Open Search\">\n\t\t<div style=\"display: inline-flex; justify-content: center; align-items: center;\">\n\t\t\t<svg viewBox=\"0 0 24 24\" height=\"25\" width=\"25\" fill=\"none\" stroke=\"currentColor\" xmlns=\"http:\/\/www.w3.org\/2000\/svg\" stroke-width=\"2\" stroke-linecap=\"round\" stroke-linejoin=\"round\" style=\"display: inline-block; vertical-align: middle;\"><circle cx=\"11\" cy=\"11\" r=\"8\"><\/circle><line x1=\"21\" y1=\"21\" x2=\"16.65\" y2=\"16.65\"><\/line><\/svg>\n\t\t<\/div>\n\t<\/div>\n\t<div style=\"clear:both;\"><\/div>\n\n\t<div class=\"wc_ps_container wc_ps_sidebar_container \" id=\"wc_ps_container_5251\">\n\t\t<form\n\t\t\tclass=\"wc_ps_form\"\n\t\t\tid=\"wc_ps_form_5251\"\n\t\t\tautocomplete=\"off\"\n\t\t\taction=\"\/\/gtlaser.com.br\/?page_id=3359\"\n\t\t\tmethod=\"get\"\n\n\t\t\tdata-ps-id=\"5251\"\n\t\t\tdata-ps-cat_align=\"left\"\n\t\t\tdata-ps-cat_max_wide=\"30\"\n\t\t\tdata-ps-popup_wide=\"input_wide\"\n\t\t\tdata-ps-widget_template=\"sidebar\"\n\t\t>\n\n\t\t\t<input type=\"hidden\" class=\"wc_ps_category_selector\" name=\"cat_in\" value=\"\" >\n\n\t\t\t<div class=\"wc_ps_nav_right\">\n\t\t\t\t<div class=\"wc_ps_nav_submit\">\n\t\t\t\t\t<div class=\"wc_ps_nav_submit_icon\">\n\t\t\t\t\t\t<svg viewBox=\"0 0 24 24\" height=\"16\" width=\"16\" fill=\"none\" stroke=\"currentColor\" xmlns=\"http:\/\/www.w3.org\/2000\/svg\" stroke-width=\"2\" stroke-linecap=\"round\" stroke-linejoin=\"round\" style=\"display: inline-block; vertical-align: middle;\"><circle cx=\"11\" cy=\"11\" r=\"8\"><\/circle><line x1=\"21\" y1=\"21\" x2=\"16.65\" y2=\"16.65\"><\/line><\/svg>\n\t\t\t\t\t<\/div>\n\t\t\t\t\t<input data-ps-id=\"5251\" class=\"wc_ps_nav_submit_bt\" type=\"button\" value=\"Go\">\n\t\t\t\t<\/div>\n\t\t\t<\/div>\n\n\t\t\t<div class=\"wc_ps_nav_fill\">\n\t\t\t\t<div class=\"wc_ps_nav_field\">\n\t\t\t\t\t<input type=\"text\" name=\"rs\" class=\"wc_ps_search_keyword\" id=\"wc_ps_search_keyword_5251\"\n\t\t\t\t\t\taria-label=\"Keyword Search\"\n\t\t\t\t\t\tonblur=\"if( this.value == '' ){ this.value = 'Busque por um produto'; }\"\n\t\t\t\t\t\tonfocus=\"if( this.value == 'Busque por um produto' ){ this.value = ''; }\"\n\t\t\t\t\t\tvalue=\"Busque por um produto\"\n\t\t\t\t\t\tdata-ps-id=\"5251\"\n\t\t\t\t\t\tdata-ps-default_text=\"Busque por um produto\"\n\t\t\t\t\t\tdata-ps-row=\"7\"\n\t\t\t\t\t\tdata-ps-text_lenght=\"100\"\n\n\t\t\t\t\t\t\n\t\t\t\t\t\t\t\t\t\t\t\tdata-ps-popup_search_in=\"{&quot;product&quot;:&quot;6&quot;}\"\n\t\t\t\t\t\t\n\t\t\t\t\t\t\t\t\t\t\t\tdata-ps-search_in=\"product\"\n\t\t\t\t\t\tdata-ps-search_other=\"product\"\n\t\t\t\t\t\t\n\t\t\t\t\t\tdata-ps-show_price=\"1\"\n\t\t\t\t\t\tdata-ps-show_addtocart=\"0\"\n\t\t\t\t\t\tdata-ps-show_in_cat=\"0\"\n\t\t\t\t\t\/>\n\t\t\t\t\t<svg aria-hidden=\"true\" viewBox=\"0 0 512 512\" class=\"wc_ps_searching_icon\" style=\"display: none;\" aria-label=\"Searching\">\n\t\t\t\t\t\t<path d=\"M288 39.056v16.659c0 10.804 7.281 20.159 17.686 23.066C383.204 100.434 440 171.518 440 256c0 101.689-82.295 184-184 184-101.689 0-184-82.295-184-184 0-84.47 56.786-155.564 134.312-177.219C216.719 75.874 224 66.517 224 55.712V39.064c0-15.709-14.834-27.153-30.046-23.234C86.603 43.482 7.394 141.206 8.003 257.332c.72 137.052 111.477 246.956 248.531 246.667C393.255 503.711 504 392.788 504 256c0-115.633-79.14-212.779-186.211-240.236C302.678 11.889 288 23.456 288 39.056z\"><\/path>\n\t\t\t\t\t<\/svg>\n\t\t\t\t<\/div>\n\t\t\t<\/div>\n\n\t\t\t\t\t<input type=\"hidden\" name=\"page_id\" value=\"3359\"  \/>\n\n\t\t\t\n\t\t\n\t\t\t\t\t<input type=\"hidden\" name=\"search_in\" value=\"product\"  \/>\n\t\t\t<input type=\"hidden\" name=\"search_other\" value=\"product\"  \/>\n\t\t\n\t\t\t\t\t<\/form>\n\t<\/div>\n\t<div style=\"clear:both;\"><\/div>\n\n<\/div>\n\n\n<\/div><div style=\"clear:both;\"><\/div>\n<style>\/*! elementor - v3.20.0 - 26-03-2024 *\/\n.elementor-column .elementor-spacer-inner{height:var(--spacer-size)}.e-con{--container-widget-width:100%}.e-con-inner>.elementor-widget-spacer,.e-con>.elementor-widget-spacer{width:var(--container-widget-width,var(--spacer-size));--align-self:var(--container-widget-align-self,initial);--flex-shrink:0}.e-con-inner>.elementor-widget-spacer>.elementor-widget-container,.e-con>.elementor-widget-spacer>.elementor-widget-container{height:100%;width:100%}.e-con-inner>.elementor-widget-spacer>.elementor-widget-container>.elementor-spacer,.e-con>.elementor-widget-spacer>.elementor-widget-container>.elementor-spacer{height:100%}.e-con-inner>.elementor-widget-spacer>.elementor-widget-container>.elementor-spacer>.elementor-spacer-inner,.e-con>.elementor-widget-spacer>.elementor-widget-container>.elementor-spacer>.elementor-spacer-inner{height:var(--container-widget-height,var(--spacer-size))}.e-con-inner>.elementor-widget-spacer.elementor-widget-empty,.e-con>.elementor-widget-spacer.elementor-widget-empty{position:relative;min-height:22px;min-width:22px}.e-con-inner>.elementor-widget-spacer.elementor-widget-empty .elementor-widget-empty-icon,.e-con>.elementor-widget-spacer.elementor-widget-empty .elementor-widget-empty-icon{position:absolute;top:0;bottom:0;left:0;right:0;margin:auto;padding:0;width:22px;height:22px}<\/style>\n<h2>Logo em Acr\u00edlico Espelhado<\/h2>\n<h4>Sua marca evidenciada com eleg\u00e2ncia, dando um toque sofisticado ao seu ambiente. <\/h4>\n<p>\t\t\t<a href=\"https:\/\/teste.gtlaser.com.br\/?post_type=product\"><br \/>\n\t\t\t\t\t\tVer na loja<br \/>\n\t\t\t\t\t<\/a><\/p>\n<h3>Formas de pagamento<\/h3>\n<p>\t\t\t\t\t\t\t\t\t\t\t\t\t<img loading=\"lazy\" decoding=\"async\" width=\"64\" height=\"64\" src=\"https:\/\/gtlaser.com.br\/wp-content\/uploads\/2023\/01\/pagamento-com-cartao-de-credito.png\" alt=\"\" \/>\t\t\t\t\t\t\t\t\t\t\t\t\t<\/p>\n<h2>Aceita cart\u00e3o de d\u00e9bito<\/h2>\n<p>\t\t\t\t\t\t\t\t\t\t\t\t\t<img loading=\"lazy\" decoding=\"async\" width=\"300\" height=\"80\" src=\"https:\/\/gtlaser.com.br\/wp-content\/uploads\/2022\/09\/cartao-de-debito-300x80.png\" alt=\"\" srcset=\"https:\/\/gtlaser.com.br\/wp-content\/uploads\/2022\/09\/cartao-de-debito-300x80.png 300w, https:\/\/gtlaser.com.br\/wp-content\/uploads\/2022\/09\/cartao-de-debito-768x206.png 768w, https:\/\/gtlaser.com.br\/wp-content\/uploads\/2022\/09\/cartao-de-debito-600x161.png 600w, https:\/\/gtlaser.com.br\/wp-content\/uploads\/2022\/09\/cartao-de-debito.png 810w\" sizes=\"auto, (max-width: 300px) 100vw, 300px\" \/><br \/>\n\t\t\t\t\t\t\t\t\t\t\t\t\t<img loading=\"lazy\" decoding=\"async\" width=\"64\" height=\"64\" src=\"https:\/\/gtlaser.com.br\/wp-content\/uploads\/2023\/01\/pagamento-com-cartao-de-credito.png\" alt=\"\" \/>\t\t\t\t\t\t\t\t\t\t\t\t\t<\/p>\n<h2>Aceita cart\u00e3o de cr\u00e9dito<\/h2>\n<p>\t\t\t\t\t\t\t\t\t\t\t\t\t<img loading=\"lazy\" decoding=\"async\" width=\"768\" height=\"64\" src=\"https:\/\/gtlaser.com.br\/wp-content\/uploads\/2022\/09\/Cartao-de-Credito-768x64.png\" alt=\"\" srcset=\"https:\/\/gtlaser.com.br\/wp-content\/uploads\/2022\/09\/Cartao-de-Credito-768x64.png 768w, https:\/\/gtlaser.com.br\/wp-content\/uploads\/2022\/09\/Cartao-de-Credito-300x25.png 300w, https:\/\/gtlaser.com.br\/wp-content\/uploads\/2022\/09\/Cartao-de-Credito-1024x86.png 1024w, https:\/\/gtlaser.com.br\/wp-content\/uploads\/2022\/09\/Cartao-de-Credito-1536x129.png 1536w, https:\/\/gtlaser.com.br\/wp-content\/uploads\/2022\/09\/Cartao-de-Credito-600x50.png 600w, https:\/\/gtlaser.com.br\/wp-content\/uploads\/2022\/09\/Cartao-de-Credito.png 1656w\" sizes=\"auto, (max-width: 768px) 100vw, 768px\" \/><br \/>\n\t\t\t\t\t\t\t\t\t\t\t\t\t<img loading=\"lazy\" decoding=\"async\" width=\"64\" height=\"64\" src=\"https:\/\/gtlaser.com.br\/wp-content\/uploads\/2023\/01\/forma-de-pagamento.png\" alt=\"\" \/>\t\t\t\t\t\t\t\t\t\t\t\t\t<\/p>\n<h2>Boleto banc\u00e1rio<\/h2>\n<p>\t\t\t\t\t\t\t\t\t\t\t\t\t<img decoding=\"async\" src=\"https:\/\/gtlaser.com.br\/wp-content\/uploads\/elementor\/thumbs\/logo-pix-icone-512-q1afst6kmbc85po10pbt9t36r3424pjpe9ndgmojss.png\" title=\"logo-pix-icone-512\" alt=\"logo-pix-icone-512\" loading=\"lazy\" \/>\t\t\t\t\t\t\t\t\t\t\t\t\t<\/p>\n<h2>Pix<\/h2>\n<style>\/*! elementor - v3.20.0 - 26-03-2024 *\/\n.elementor-widget-image-box .elementor-image-box-content{width:100%}@media (min-width:768px){.elementor-widget-image-box.elementor-position-left .elementor-image-box-wrapper,.elementor-widget-image-box.elementor-position-right .elementor-image-box-wrapper{display:flex}.elementor-widget-image-box.elementor-position-right .elementor-image-box-wrapper{text-align:right;flex-direction:row-reverse}.elementor-widget-image-box.elementor-position-left .elementor-image-box-wrapper{text-align:left;flex-direction:row}.elementor-widget-image-box.elementor-position-top .elementor-image-box-img{margin:auto}.elementor-widget-image-box.elementor-vertical-align-top .elementor-image-box-wrapper{align-items:flex-start}.elementor-widget-image-box.elementor-vertical-align-middle .elementor-image-box-wrapper{align-items:center}.elementor-widget-image-box.elementor-vertical-align-bottom .elementor-image-box-wrapper{align-items:flex-end}}@media (max-width:767px){.elementor-widget-image-box .elementor-image-box-img{margin-left:auto!important;margin-right:auto!important;margin-bottom:15px}}.elementor-widget-image-box .elementor-image-box-img{display:inline-block}.elementor-widget-image-box .elementor-image-box-title a{color:inherit}.elementor-widget-image-box .elementor-image-box-wrapper{text-align:center}.elementor-widget-image-box .elementor-image-box-description{margin:0}<\/style>\n<figure><img decoding=\"async\" src=\"https:\/\/gtlaser.com.br\/wp-content\/uploads\/elementor\/thumbs\/business-people-shaking-hands-agreement-scaled-q1a7s09tkp7fo9xpkv73j61wi09v1neu7y9kc8zrnc.jpg\" title=\"Business people shaking hands in agreement\" alt=\"Business people shaking hands in agreement\" loading=\"lazy\" \/><\/figure>\n<p> <\/p>\n<h3>Pedidos para a cidade de Lages e regi\u00e3o<\/p>\n<p>A retirada pode ser feita no nosso novo endere\u00e7o Rua: Humberto de Campos, n\u00b01422, Bairro: Coral, Lages &#8211; SC.<\/p>\n<p><b>Hor\u00e1rio de atendimento:<\/b> <br \/>Segunda \u00e0 S\u00e1bado das 09:00 \u00e0s 13:00. <\/p>\n<style>\/*! elementor - v3.20.0 - 26-03-2024 *\/\n.elementor-widget-social-icons.elementor-grid-0 .elementor-widget-container,.elementor-widget-social-icons.elementor-grid-mobile-0 .elementor-widget-container,.elementor-widget-social-icons.elementor-grid-tablet-0 .elementor-widget-container{line-height:1;font-size:0}.elementor-widget-social-icons:not(.elementor-grid-0):not(.elementor-grid-tablet-0):not(.elementor-grid-mobile-0) .elementor-grid{display:inline-grid}.elementor-widget-social-icons .elementor-grid{grid-column-gap:var(--grid-column-gap,5px);grid-row-gap:var(--grid-row-gap,5px);grid-template-columns:var(--grid-template-columns);justify-content:var(--justify-content,center);justify-items:var(--justify-content,center)}.elementor-icon.elementor-social-icon{font-size:var(--icon-size,25px);line-height:var(--icon-size,25px);width:calc(var(--icon-size, 25px) + 2 * var(--icon-padding, .5em));height:calc(var(--icon-size, 25px) + 2 * var(--icon-padding, .5em))}.elementor-social-icon{--e-social-icon-icon-color:#fff;display:inline-flex;background-color:#69727d;align-items:center;justify-content:center;text-align:center;cursor:pointer}.elementor-social-icon i{color:var(--e-social-icon-icon-color)}.elementor-social-icon svg{fill:var(--e-social-icon-icon-color)}.elementor-social-icon:last-child{margin:0}.elementor-social-icon:hover{opacity:.9;color:#fff}.elementor-social-icon-android{background-color:#a4c639}.elementor-social-icon-apple{background-color:#999}.elementor-social-icon-behance{background-color:#1769ff}.elementor-social-icon-bitbucket{background-color:#205081}.elementor-social-icon-codepen{background-color:#000}.elementor-social-icon-delicious{background-color:#39f}.elementor-social-icon-deviantart{background-color:#05cc47}.elementor-social-icon-digg{background-color:#005be2}.elementor-social-icon-dribbble{background-color:#ea4c89}.elementor-social-icon-elementor{background-color:#d30c5c}.elementor-social-icon-envelope{background-color:#ea4335}.elementor-social-icon-facebook,.elementor-social-icon-facebook-f{background-color:#3b5998}.elementor-social-icon-flickr{background-color:#0063dc}.elementor-social-icon-foursquare{background-color:#2d5be3}.elementor-social-icon-free-code-camp,.elementor-social-icon-freecodecamp{background-color:#006400}.elementor-social-icon-github{background-color:#333}.elementor-social-icon-gitlab{background-color:#e24329}.elementor-social-icon-globe{background-color:#69727d}.elementor-social-icon-google-plus,.elementor-social-icon-google-plus-g{background-color:#dd4b39}.elementor-social-icon-houzz{background-color:#7ac142}.elementor-social-icon-instagram{background-color:#262626}.elementor-social-icon-jsfiddle{background-color:#487aa2}.elementor-social-icon-link{background-color:#818a91}.elementor-social-icon-linkedin,.elementor-social-icon-linkedin-in{background-color:#0077b5}.elementor-social-icon-medium{background-color:#00ab6b}.elementor-social-icon-meetup{background-color:#ec1c40}.elementor-social-icon-mixcloud{background-color:#273a4b}.elementor-social-icon-odnoklassniki{background-color:#f4731c}.elementor-social-icon-pinterest{background-color:#bd081c}.elementor-social-icon-product-hunt{background-color:#da552f}.elementor-social-icon-reddit{background-color:#ff4500}.elementor-social-icon-rss{background-color:#f26522}.elementor-social-icon-shopping-cart{background-color:#4caf50}.elementor-social-icon-skype{background-color:#00aff0}.elementor-social-icon-slideshare{background-color:#0077b5}.elementor-social-icon-snapchat{background-color:#fffc00}.elementor-social-icon-soundcloud{background-color:#f80}.elementor-social-icon-spotify{background-color:#2ebd59}.elementor-social-icon-stack-overflow{background-color:#fe7a15}.elementor-social-icon-steam{background-color:#00adee}.elementor-social-icon-stumbleupon{background-color:#eb4924}.elementor-social-icon-telegram{background-color:#2ca5e0}.elementor-social-icon-threads{background-color:#000}.elementor-social-icon-thumb-tack{background-color:#1aa1d8}.elementor-social-icon-tripadvisor{background-color:#589442}.elementor-social-icon-tumblr{background-color:#35465c}.elementor-social-icon-twitch{background-color:#6441a5}.elementor-social-icon-twitter{background-color:#1da1f2}.elementor-social-icon-viber{background-color:#665cac}.elementor-social-icon-vimeo{background-color:#1ab7ea}.elementor-social-icon-vk{background-color:#45668e}.elementor-social-icon-weibo{background-color:#dd2430}.elementor-social-icon-weixin{background-color:#31a918}.elementor-social-icon-whatsapp{background-color:#25d366}.elementor-social-icon-wordpress{background-color:#21759b}.elementor-social-icon-x-twitter{background-color:#000}.elementor-social-icon-xing{background-color:#026466}.elementor-social-icon-yelp{background-color:#af0606}.elementor-social-icon-youtube{background-color:#cd201f}.elementor-social-icon-500px{background-color:#0099e5}.elementor-shape-rounded .elementor-icon.elementor-social-icon{border-radius:10%}.elementor-shape-circle .elementor-icon.elementor-social-icon{border-radius:50%}<\/style>\n<p>\t\t\t\t\t<a href=\"https:\/\/www.facebook.com\/gtlaseroficial\/\" target=\"_blank\" rel=\"noopener\"><br \/>\n\t\t\t\t\t\tFacebook<br \/>\n\t\t\t\t\t\t\t\t\t\t\t<\/a><br \/>\n\t\t\t\t\t<a target=\"_blank\" rel=\"noopener\"><br \/>\n\t\t\t\t\t\tYoutube<br \/>\n\t\t\t\t\t\t\t\t\t\t\t<\/a><br \/>\n\t\t\t\t\t<a href=\"https:\/\/www.instagram.com\/gtcortealaser\/\" target=\"_blank\" rel=\"noopener\"><br \/>\n\t\t\t\t\t\tInstagram<br \/>\n\t\t\t\t\t\t\t\t\t\t\t<\/a><\/p>\n","protected":false},"excerpt":{"rendered":"<p>Previous slide Next slide ENVIO ASSEGURADO PARA TODO O BRASIL AT\u00c9 10X SEM JUROS NO CART\u00c3O DE CR\u00c9DITO +4% DE DESCONTO EM BOLETO OU TRANSFER\u00caNCIA BANC\u00c1RIA Nossos produtos Logo em Acr\u00edlico Espelhado Sua marca evidenciada com eleg\u00e2ncia, dando um toque sofisticado ao seu ambiente. Ver na loja Formas de pagamento Aceita cart\u00e3o de d\u00e9bito Aceita [&hellip;]<\/p>\n","protected":false},"author":1,"featured_media":0,"parent":0,"menu_order":0,"comment_status":"closed","ping_status":"closed","template":"","meta":{"site-sidebar-layout":"no-sidebar","site-content-layout":"page-builder","ast-site-content-layout":"default","site-content-style":"default","site-sidebar-style":"default","ast-global-header-display":"","ast-banner-title-visibility":"","ast-main-header-display":"","ast-hfb-above-header-display":"","ast-hfb-below-header-display":"","ast-hfb-mobile-header-display":"","site-post-title":"disabled","ast-breadcrumbs-content":"","ast-featured-img":"disabled","footer-sml-layout":"","ast-disable-related-posts":"","theme-transparent-header-meta":"enabled","adv-header-id-meta":"","stick-header-meta":"","header-above-stick-meta":"","header-main-stick-meta":"","header-below-stick-meta":"","astra-migrate-meta-layouts":"default","ast-page-background-enabled":"default","ast-page-background-meta":{"desktop":{"background-color":"","background-image":"","background-repeat":"repeat","background-position":"center center","background-size":"auto","background-attachment":"scroll","background-type":"","background-media":"","overlay-type":"","overlay-color":"","overlay-opacity":"","overlay-gradient":""},"tablet":{"background-color":"","background-image":"","background-repeat":"repeat","background-position":"center center","background-size":"auto","background-attachment":"scroll","background-type":"","background-media":"","overlay-type":"","overlay-color":"","overlay-opacity":"","overlay-gradient":""},"mobile":{"background-color":"","background-image":"","background-repeat":"repeat","background-position":"center center","background-size":"auto","background-attachment":"scroll","background-type":"","background-media":"","overlay-type":"","overlay-color":"","overlay-opacity":"","overlay-gradient":""}},"ast-content-background-meta":{"desktop":{"background-color":"var(--ast-global-color-5)","background-image":"","background-repeat":"repeat","background-position":"center center","background-size":"auto","background-attachment":"scroll","background-type":"","background-media":"","overlay-type":"","overlay-color":"","overlay-opacity":"","overlay-gradient":""},"tablet":{"background-color":"var(--ast-global-color-5)","background-image":"","background-repeat":"repeat","background-position":"center center","background-size":"auto","background-attachment":"scroll","background-type":"","background-media":"","overlay-type":"","overlay-color":"","overlay-opacity":"","overlay-gradient":""},"mobile":{"background-color":"var(--ast-global-color-5)","background-image":"","background-repeat":"repeat","background-position":"center center","background-size":"auto","background-attachment":"scroll","background-type":"","background-media":"","overlay-type":"","overlay-color":"","overlay-opacity":"","overlay-gradient":""}},"footnotes":""},"class_list":["post-95","page","type-page","status-publish","hentry"],"_links":{"self":[{"href":"https:\/\/gtlaser.com.br\/index.php?rest_route=\/wp\/v2\/pages\/95","targetHints":{"allow":["GET"]}}],"collection":[{"href":"https:\/\/gtlaser.com.br\/index.php?rest_route=\/wp\/v2\/pages"}],"about":[{"href":"https:\/\/gtlaser.com.br\/index.php?rest_route=\/wp\/v2\/types\/page"}],"author":[{"embeddable":true,"href":"https:\/\/gtlaser.com.br\/index.php?rest_route=\/wp\/v2\/users\/1"}],"replies":[{"embeddable":true,"href":"https:\/\/gtlaser.com.br\/index.php?rest_route=%2Fwp%2Fv2%2Fcomments&post=95"}],"version-history":[{"count":464,"href":"https:\/\/gtlaser.com.br\/index.php?rest_route=\/wp\/v2\/pages\/95\/revisions"}],"predecessor-version":[{"id":5352,"href":"https:\/\/gtlaser.com.br\/index.php?rest_route=\/wp\/v2\/pages\/95\/revisions\/5352"}],"wp:attachment":[{"href":"https:\/\/gtlaser.com.br\/index.php?rest_route=%2Fwp%2Fv2%2Fmedia&parent=95"}],"curies":[{"name":"wp","href":"https:\/\/api.w.org\/{rel}","templated":true}]}}